hat is the highest common factor of r and 440?
40
Let n(z) = -z + 28. Let a be n(11). Suppose -3*j + a = -22. Calculate the highest common factor of 104 and j.
13
Let v be (-1 - 2)/(5/(-340)). Suppose -16*c + 20*c = v. Let q be (-5 - -1)/(-4) - -16. What is the greatest common factor of c and q?
17
Let s be (-1 - -5)*18/8. Suppose 2*q - z + 7 = 0, -2*z + 30 = -5*q + 3*z. Let t be (2 + 53 + q)*1/2. Calculate the highest common factor of t and s.
9
Let x = -32 - -538. What is the highest common divisor of 22 and x?
22
Let j(n) = 3*n + 105. Let s be j(-34). Let b be -6*s*1/(-4)*28. Let f = -22 + 36. What is the greatest common factor of b and f?
14
Suppose 0 = -4*c + 4, 5*i = c + 4412 + 1957. Calculate the highest common divisor of i and 14.
14
Suppose -13*m + 10*m = f - 39, 0 = 3*m + 3. Calculate the greatest common divisor of 525 and f.
21
Let o(i) = -i**3 + 20*i**2 - 76*i - 12. Let z be o(8). Calculate the highest common divisor of z and 16.
4
Let g(o) = 55*o + 53. Let u(m) = -14*m - 13. Let q(n) = 2*g(n) + 9*u(n). Let r be q(-5). Suppose r = 3*v - 75. What is the greatest common divisor of v and 6?
6
Let f(w) = -44*w**3 - 3*w**2 + 2*w + 6. Let p be f(-2). What is the highest common factor of p and 36?
18
Suppose -38*v - v + 1326 = 0. Calculate the greatest common factor of 527 and v.
17
Let t(p) = 7*p**2 + 4*p + 37. Let y be t(-5). Calculate the greatest common divisor of 128 and y.
64
Suppose 0 = -9*h + 2*h + 189. Let n be ((-1382)/30 + h/(-45))*-3. What is the greatest common divisor of 35 and n?
35
Let d be 9 + (8 - -5)*66. Calculate the greatest common factor of 17 and d.
17
Suppose -y - 14 = -8*y. Suppose 176 = y*k - 342. What is the greatest common divisor of k and 37?
37
Let u(c) = 12*c + c**3 + 18*c**2 - 10*c**2 - 2 - 3*c + 0. Let a be u(-6). What is the greatest common divisor of 12 and a?
4
Let f = -271 + 152. Let j = f - -176. Calculate the highest common factor of j and 76.
19
Let v = -21 - -176. Calculate the greatest common factor of 124 and v.
31
Suppose 3*k + 4 = 10. Suppose -k*p + 180 = -0*p. Calculate the highest common divisor of p and 10.
10
Suppose -11 = y + 3*t, -18*y + 5 = -13*y + 3*t. Calculate the highest common factor of y and 556.
4
Suppose 16*a = 10*a + 18. Let o = -3 + 5. Suppose 3*w = o*c + 81, 4*c = -2*w - 0*c + 54. What is the greatest common factor of a and w?
3
Suppose -5*x = -58 - 482. Calculate the highest common factor of x and 108.
108
Suppose -g = 3*x - 428, -11*x = 3*g - 14*x - 1272. What is the highest common factor of 34 and g?
17
Suppose -3*d + 20 = 7*d. Suppose 12 = d*r - 4*b, 72 = -2*r + 6*r + 4*b. Calculate the highest common factor of 56 and r.
14
Let n be (-2)/6 + 168/18. Let g = -873 - -954. Calculate the greatest common divisor of n and g.
9
Let o(b) = 60*b - 188. Let z be o(4). What is the greatest common divisor of 338 and z?
26
Let v(q) = -2*q - 8. Let l = -19 + 15. Let t be v(l). Suppose t = 3*j - j - 20. What is the highest common factor of j and 4?
2
Let f be 19 + ((-5)/(-1) - 6). What is the greatest common divisor of f and 222?
6
Suppose 2*j = j + 8. Let x(n) = -n**3 + n**2 + 2*n - 4. Let c be x(0). Let i be (c/(-12))/((-3)/(-72)). What is the highest common divisor of j and i?
8
Suppose -2*h = -h. Suppose h*g = -3*g + 18. Let c(k) = 5*k + 3. Let f be c(3). What is the highest common factor of g and f?
6
Suppose 0 = 5*c + 3*m + m + 135, 2*m = 4*c + 82. Let z(b) = -b**2 - 25*b - 25. Let w be z(c). Calculate the highest common divisor of 189 and w.
21
Let r(g) = -3*g**3 + 10*g**2 + 12*g - 13. Let n be r(4). Calculate the highest common divisor of 6 and n.
3
Let m = 12 + -4. Let u = 19 - m. Let d(x) = 32*x + 3. Let f be d(3). Calculate the greatest common factor of u and f.
11
Suppose -4*c = -5*c + 4*c. Suppose 3*u - u - 5*a - 214 = c, -2*u - 3*a + 230 = 0. Calculate the greatest common factor of 16 and u.
16
Suppose 15*m - 82 = 13*m. Let p = m - -43. Suppose 2*k = -0*k + p. Calculate the highest common factor of 21 and k.
21
Let l = -221 - -232. Calculate the greatest common divisor of l and 121.
11
Let h(z) = z**2 - 7*z + 3. Let o be h(0). Suppose -2*m - 3*v = -95, 4*m + v - o*v - 182 = 0. What is the highest common divisor of 322 and m?
46
Let p = -417 + 456. What is the greatest common divisor of p and 3?
3
Let s = -85 - -119. Calculate the highest common factor of 136 and s.
34
Let t(m) = 48*m**2 + 3*m + 6. Let r be t(-3). Let f be (-2)/(-18)*349 - 26/(-117). What is the highest common divisor of r and f?
39
Let v be 7 - 5/10*(1 + -139). Calculate the highest common divisor of v and 190.
38
Suppose -t - t = -5*p + 5, -3*t - 2*p = -40. What is the highest common divisor of 135 and t?
5
Suppose -2*q = -5*a + 18, 4 = -q - q - 2*a. Let c be 12 + 2 + 0 + q. Let f be 30*(0 - c/(-6)). Calculate the greatest common divisor of f and 20.
10
Suppose 0 = -8*o + 9*o - 37. Let t = o + 18. Calculate the greatest common factor of 11 and t.
11
Let b(i) = 23*i + 2*i**3 - 25*i - i**3. Let o be b(3). Let g = 25 + -18. What is the greatest common factor of o and g?
7
Let z be 2*-2*34/(-8). Suppose 318 + 56 = h. Suppose u - 3*u = -h. Calculate the greatest common factor of z and u.
17
Suppose 4*u + 36 = 4*p + 128, 0 = -5*u - 3*p + 115. Calculate the greatest common factor of 345 and u.
23
Let a = 95 - 53. Suppose -2*v = v - 9. Suppose 5*n + v = 33. Calculate the highest common divisor of a and n.
6
Let r(w) = 16*w. Let f be r(6). Let d(z) = 65*z - 500. Let k be d(8). Let h be f/k - (-2)/10. Calculate the highest common factor of h and 45.
5
Let a(o) = 87*o - 5. Let h be a(4). Let i = -223 + h. What is the greatest common factor of i and 15?
15
Let t = -616 + 781. What is the greatest common divisor of 99 and t?
33
Suppose -3*m - 61 = 17. Let a = 90 + m. Calculate the highest common divisor of 8 and a.
8
Let u be 8/(-3)*(8 - 300/24). Calculate the greatest common divisor of u and 148.
4
Let s = -21 + 30. Let j(h) = -h + 4. Let l be j(3). What is the greatest common divisor of s and l?
1
Let o(n) = 2*n**2 - 6*n + 8. Let q be o(3). Let b = q + 8. What is the greatest common factor of b and 176?
16
Let r(c) = -c**3 - 2*c**2 - 2*c - 6. Let q be (-6 + 9)/((-1)/(-2)*-2). Let g be r(q). What is the greatest common factor of g and 18?
9
Let d(c) = 7*c**2 + 14*c + 49. Let h be d(-4). Calculate the highest common divisor of h and 30.
15
Let i(p) = 4*p**3 - 6*p - 6. Let x be i(-3). Let k = x - -110. What is the highest common divisor of 21 and k?
7
Suppose -32 = -2*d + 2*j - 0*j, -3*d = -2*j - 46. Calculate the greatest common divisor of d and 350.
14
Suppose 8 = 21*j - 19*j. Let i be j/12 - (-14)/(-6). Let d be (-4 - i - -25) + -3. What is the highest common divisor of d and 100?
20
Suppose 0 = 4*i - 2*i - 30. Suppose 0 = 10*f - i*f + 30. Let l(c) = c**3 - 6*c**2 + 3*c - 3. Let h be l(f). Calculate the greatest common factor of 135 and h.
15
Suppose 35*m - 31*m + 593 = 5*o, m = -2. What is the highest common factor of 18 and o?
9
Suppose 0 = -18*l + 865 + 593. Calculate the greatest common divisor of l and 1.
1
Suppose -675 = r - 6*r + 5*w, -2*r + 3*w = -275. Calculate the greatest common factor of r and 104.
26
Let l be (2 + (-16)/6)*-141. Let p = l - -32. Let u be ((-33)/22)/(2*3/(-72)). Calculate the highest common factor of p and u.
18
Let f = -9 - -18. Suppose -o + f = -35. Let j = o - 11. What is the highest common factor of 132 and j?
33
Let m = 107 - 108. Let t be -7*7/(-49)*(m - -8). Calculate the greatest common factor of 1 and t.
1
Let m = -11 - -10. Let i be (-1)/3 + m + (-700)/(-12). Calculate the greatest common factor of 38 and i.
19
Let b(v) = v**3 - 2*v**2 - 2*v - 1. Let i be b(3). Let q(o) = 7*o**2 - 4*o - 2. Let t be q(2). Calculate the greatest common divisor of t and i.
2
Let h be ((-6)/4)/(3/(-6)). Suppose -h*f - 6 = -18. Suppose -w + 4*q + 40 = w, -f*q + 20 = 3*w. What is the highest common factor of 108 and w?
12
Let i(j) = 6*j**2 + 53*j + 3. Let p be i(-9). What is the greatest common factor of 36 and p?
12
Suppose 4*s + 5*a - 275 - 22 = 0, 0 = s + 5*a - 93. What is the highest common divisor of s and 170?
34
Let q be (-4087)/(-469) + (-2)/(-7). Let y = 31 - 13. Calculate the greatest common factor of q and y.
9
Let r be 19*(1 - -6) - 1. Let s(c) = 11*c - 98. Let h be s(10). What is the